 z = n - -4. Suppose z*r = -4*x + 8, -3*x - r = -3*r - 31. What is the units digit of x?
7
Let x(w) = 23*w**2 - 3*w + 5. Suppose -9 = 3*v - 3*y, -4*v - 4*y + 0*y = -28. What is the tens digit of x(v)?
9
Let d(q) = q**2 + 5*q - 2. Let a be d(-8). Suppose -o + a = o. What is the units digit of o?
1
Let q = 51 - 10. Suppose 23 - 57 = -2*i. Let w = q - i. What is the units digit of w?
4
Let f = 97 - -78. Suppose -f + 1714 = 9*i. What is the tens digit of i?
7
Suppose 3*n - 23 + 5 = 0. What is the units digit of 142/n - 8/(-6)?
5
Let y be 6*(-6)/20*-5. Let k(z) = 0*z**2 + z**3 - 4*z**2 + 1 - 3*z**2 + y. What is the tens digit of k(7)?
1
Let f(k) = 12*k**2 + 9*k - 3. Let g be f(5). Suppose -12*b + g = -9*b. What is the hundreds digit of b?
1
Let a = -575 + 997. What is the tens digit of a?
2
Let q(o) = 11*o - 1. Let r be 2/6*(-2 - -5). Let w be q(r). What is the units digit of (6/w)/(2/30)?
9
What is the units digit of 1048 + 4 - (0 - 1)*5?
7
Suppose 2*x + 63 = q, -5*q - 106 = 2*x - 13. Let w = x + 42. Let r = 14 - w. What is the units digit of r?
6
Let i be (-1938)/(-10) + 52/(-65). Suppose -5*m + i = 3*z, -3*z + 2*m + 134 = -z. What is the units digit of z?
6
Let p(f) = 78*f + 28. What is the hundreds digit of p(6)?
4
Let i be 4/5*(-80)/4. Let k = 130 + i. What is the hundreds digit of k?
1
What is the hundreds digit of (2*(-785)/10)/(1/(-3))?
4
Let s(v) be the third derivative of -11*v**4/24 - v**3/6 - 5*v**2. Let b be s(-1). Let w = 18 - b. What is the units digit of w?
8
Let k(m) = -233*m**2 - 4*m - 6. Let b(s) = -233*s**2 - 4*s - 5. Let h(w) = -3*b(w) + 2*k(w). What is the units digit of h(-1)?
2
Suppose -3*p = -3*a + 15, -p + a - 20 = 5*a. Let s = -15 - p. What is the tens digit of (-10)/(-35) - 397/s?
5
Let i = -17 + -12. Let x be 1*(-6)/(-9)*-21. Let y = x - i. What is the tens digit of y?
1
Suppose 2*x + 2*d = -2, -2*x - 2*x + d = -16. Let z(g) = 8*g**2 - g + 1. What is the tens digit of z(x)?
7
Let k(j) = -j**3 + 12*j**2 + 15*j + 11. Let i be k(13). Suppose -85 = -2*h + i. What is the units digit of h?
1
Let s be 364*4/(32/18). Suppose 0 = -3*x + 10*x - s. What is the hundreds digit of x?
1
Let j = -98 - -277. What is the units digit of (-2)/(-8) + (j/4)/1?
5
Suppose 0 = 26*n - 33*n. What is the tens digit of -2 + 59 + n/(-3)?
5
Suppose 630 = -5*x - 0*x. Let k = x - -213. What is the units digit of k?
7
Let v be 3/(-4) - 1464/96. Let o(d) = d**3 + 16*d**2 - 4*d - 9. What is the tens digit of o(v)?
5
Suppose -5*o = 4*r - 1, 0 = -5*r + 2*o + 42 - 16. Suppose 4*a = 4*b - 0*a - 260, -r*b - a = -255. What is the tens digit of b?
6
Let d(r) = -r**2 + 15*r + 4. What is the units digit of d(10)?
4
Let l(p) = -2*p**2 - 17*p - 20. Let v be l(-7). What is the tens digit of ((-10)/4)/v*-44?
1
Suppose 2*o - 44 = 8. Let q = o + 1. What is the tens digit of q?
2
Suppose i = 6*i - 5*v - 35, 5*v + 25 = 0. What is the tens digit of ((-462)/110)/(i/(-140))?
9
Let o = 11 + -9. Suppose -o*p + 7*p = 25. Suppose -p*l + 1 = -3*v - 3, 2*v - 4*l = -6. What is the units digit of v?
7
Let j = 0 - -1. Let s be 2 + 3/j - 0. Suppose -l = 4*l - s. What is the units digit of l?
1
Let h(g) = 3*g - 5. Let w be h(3). Suppose 11 = 5*z - w. Suppose -14 = -z*y - 2*f - 0, -3*y + 9 = 3*f. What is the units digit of y?
8
Suppose 4*j = 3*j - 1. Let a = 14 + j. What is the tens digit of a?
1
What is the hundreds digit of (6/(-4))/((558/(-8916))/31)?
7
Let a be 143*1 - 18/(-6). Suppose -2*z + a = -0*z. What is the units digit of z?
3
Let n = -7020 - -3240. What is the units digit of (-2)/4 + n/(-40)?
4
Suppose -4*g - 14 = -126. Let u = g + 10. What is the units digit of u?
8
Let l be 10/12 - 2/(-12). Suppose 0 = -h - l, -2*q - 2 = -4*q - 4*h. Suppose -4*a - 18 = -5*a - 5*u, -2*a + u = -q. What is the units digit of a?
3
Suppose -1265*q + 1244*q + 110544 = 0. What is the tens digit of q?
6
Suppose -3*d - 12*s = -9*s - 981, 317 = d + 3*s. What is the units digit of d?
2
Let k = 208 + -375. Let v = k + 272. What is the hundreds digit of v?
1
Suppose -4*s - 3*q = -14203, 14*s - 13*s + 4*q - 3567 = 0. What is the units digit of s?
7
Suppose -2*x - 12*x + 1204 = 0. Let o = x - -24. What is the tens digit of o?
1
Let g(n) = 13*n**2 + 5*n + 25. Let t be g(9). Suppose 3*z + t = 4*l, -4*l + 4*z + 1383 - 259 = 0. What is the hundreds digit of l?
2
Suppose 5*u = -3*z + 2747 + 14813, 5*z = 4*u - 14085. What is the thousands digit of u?
3
Let v be 3 - (1 + (1 - -9)). Let n be (v/(-3))/(-2)*-12. Suppose 4*p + n = 64. What is the tens digit of p?
1
Let l = 2571 - 732. What is the hundreds digit of l?
8
Suppose -9*h = -5*i - 6*h + 29, -4*i - 4*h + 4 = 0. Suppose 1101 = i*b + 289. What is the tens digit of b?
0
Suppose 1883 = 2*w + 5*p + 705, 3*w - 1784 = p. What is the tens digit of w/15 - 2/(-5)?
4
Suppose 22*h - 10491 - 11861 = 0. What is the units digit of h?
6
Suppose 71 = 2*t - 2*h - 265, -4*t + 682 = h. What is the units digit of t?
0
Suppose 5*n - 17 = 2*x + 15, 0 = -2*x - 2. Suppose -10 = -n*u + u. Suppose 3*z = 4*r - 36, -3*r - 5*z = -u*z - 27. What is the units digit of r?
9
What is the hundreds digit of (-8)/20 + 3772/5?
7
Let d(o) = -2*o**3 - 15*o**2 + 9*o - 18. What is the units digit of d(-9)?
4
Let h = 61 - 93. Let i be h/(-6) + (-1)/3. Suppose 5*t = 0, t - i*t + 58 = 2*d. What is the tens digit of d?
2
Suppose -54*f + 57*f + 9 = 0. Let n = f - -8. Suppose -5*c + v = -105, -4*c - 39 = -n*v - 123. What is the units digit of c?
1
Let x(b) = b**2 - 15*b + 17. Let p be x(14). Suppose p*h - 232 = h. What is the hundreds digit of h?
1
Let k = -18 - -27. Let d = 37 + k. What is the units digit of d?
6
Let w(c) = -c**3 - 7*c**2 - 5*c - 89. What is the hundreds digit of w(-12)?
6
Let y be ((-14)/(-4))/(1/2). Suppose 0 = -6*g + y*g - 52. What is the units digit of g?
2
What is the units digit of (2 - -12392)/(19 - 17) - 1?
6
Let c = -328 + 442. What is the hundreds digit of c?
1
Suppose -3*b = -3*x + 1206, 4*x = b + 786 + 810. What is the hundreds digit of x?
3
Let y be (2 - 7) + 4 - (-1 - 131). Let n = y - 38. What is the units digit of n?
3
Suppose w - 138 = -3*n, 3*n = 8*n + 5*w - 230. What is the tens digit of n - (-5 + 2 + 4)?
4
What is the tens digit of 3/(-27)*1*-9 + 205?
0
Let h = -392 - -687. Suppose -h = -7*r - 99. What is the tens digit of r?
2
Let t be (-4)/(-34) - -2*(-64)/(-68). Suppose -3*r + 8*r + t*b = 943, -5*b + 184 = r. What is the hundreds digit of r?
1
Let m(t) = t**2 - 1. Let f(q) = 4*q**2 + 1. Let h(r) = 3*f(r) - 3*m(r). What is the units digit of h(-4)?
0
Suppose 12*k = -93 + 1941. What is the tens digit of k?
5
Let a be -13 + (4 - 3)*-2. Let b(m) = m**2 + 11*m + 2. What is the tens digit of b(a)?
6
Suppose -5*u - y = -0*y + 25, 3*y = 2*u - 7. What is the units digit of (-21)/(-14)*u/(-3)?
2
Let g(c) = c**3 + c**2 + 2*c + 39. Let a be g(0). What is the tens digit of (14/(-105)*a)/((-2)/30)?
7
Let l be (-5 - 3)*-1 - 3. Suppose -u = -5*k + 335, 0*k + l*u = k - 91. What is the units digit of k?
6
Let m(b) = -190*b + 2. Let o be m(-4). Let l = o - 494. Suppose -2*n + 71 + 53 = 2*v, 4*n - v = l. What is the tens digit of n?
6
Let f be 35*1*(-1 + 5)/4. Let d = f + 41. What is the units digit of d?
6
What is the tens digit of ((-1245)/(-2))/(15/10)?
1
Suppose 2*c - 8 = f, c = -0*c + 5. Suppose -f*h + 70 = -190. Suppose -u = -6*u + h. What is the units digit of u?
6
Suppose -17*s - 6*s + 10442 = 0. What is the hundreds digit of s?
4
Suppose 4*r = -73 - 287. Let j = r - -150. What is the tens digit of j?
6
Let g(i) = 231*i + 239. What is the tens digit of g(6)?
2
Let h be (-6)/8*-4 + 0. Suppose 2*m + 0*u - 10 = 4*u, -h*m + 15 = -4*u. Suppose m*p + 0*l - 56 = -2*l, -3*p = -5*l - 46. What is the tens digit of p?
1
What is the hundreds digit of (-4)/7 - (-61524)/63?
9
Let i(g) = 103*g**2 + 4*g - 9. Let n be i(2). Let f = n - 117. What is the hundreds digit of f?
2
Let s = 0 - 0. Suppose s = -5*v - 2*v + 28. What is the units digit of (-4 + 24/v)*2?
4
Let q(u) = -u**3 + 9*u**2 - 6*u. Let x be q(6). Let g = 54 + x. What is the units digit of g?
6
Suppose 4*p = 4*v + 8, 0 - 5 = 3*v - 4*p. Let d = v + 6. Suppose d*q = 4*q - 2. What is the units digit of q?
2
Let f be 1/((5/2)/5). Let x(u) = 3 - f - 13*u + 21*u + 15*u. What is the tens digit of x(3)?
7
Let v be (15/(-10)*-2)/1. Sup